he prime factors of (3 - 23)*(-36)/16?
3, 5
Suppose 5*x - 4*q + 89 = 0, 4*x + q + 73 = 6*q. Let u = x - -27. What are the prime factors of u?
2, 5
Suppose -x - 4*f + 76 = 0, -f - 4*f + 305 = 5*x. What are the prime factors of x?
2, 7
Let r be ((-2)/4)/(3/54). Let s = r - -12. Suppose 4*d - s*x - 5 = 0, 14 = 5*d + 4*x - 0*x. List the prime factors of d.
2
List the prime factors of 4/22 + (-603)/(-11).
5, 11
Let x(q) = -q. Let s(i) = 13*i - 2. Let w(j) = 2*s(j) + 22*x(j). Let l be w(3). Let a = -2 + l. What are the prime factors of a?
2, 3
List the prime factors of 4 - (495/(-5) + 4).
3, 11
Let r(y) = y. Let z be r(-5). List the prime factors of (-435)/(-25) - 3/z.
2, 3
What are the prime factors of (-4)/6 - 565/(-15)?
37
Let j(t) = t**2 + 13*t - 9. What are the prime factors of j(-14)?
5
Suppose -2*t + 149 = 21. Suppose -3*c - 5*z = -t, -2*c + 4*z = -c - 27. List the prime factors of c.
23
Let o = -4 + 9. Let b = 10 - o. What are the prime factors of b?
5
Let g(l) = 2*l + 13. List the prime factors of g(6).
5
Suppose 0 = 5*v + 24 - 44. List the prime factors of v.
2
Suppose -f = 5*q - 30, f + q - 50 = -0*q. Suppose -2*u + 50 = 4*t, f = 3*u - t - 20. Suppose -4*h + 9*h - u = 0. What are the prime factors of h?
5
Suppose 5*v = 5*u, -5*u = -2*u - 15. Suppose t = -3*t - 4. What are the prime factors of 1*t*(1 - v)?
2
Let w(s) be the first derivative of -s**4/4 + s**3/3 - s**2/2 - 2*s - 1. Let y be w(0). List the prime factors of 770/49 - y/7.
2
Let h = 121 - 78. List the prime factors of h.
43
Suppose 5*j - 10 = 15. List the prime factors of j.
5
Suppose -289 - 134 = -3*p. What are the prime factors of p?
3, 47
Let p = 0 - 0. Let m be 2 + 2 + p + 2. Let c = m - -3. List the prime factors of c.
3
Let k(u) = -u**3 - 8*u**2 + 8*u + 1. Let x be k(-9). What are the prime factors of x/1 - 0/6?
2, 5
Let q(g) = 55*g**2 + 5*g - 8. Let y be q(6). List the prime factors of (-4)/(-18) + y/63.
2
What are the prime factors of -10 + 5 + 296 + -2?
17
Suppose 0 = -2*g + 4*c - 20, -1 = -5*c + 24. Suppose -2*r + 4 = -g. Suppose k + 3 = r*k. What are the prime factors of k?
3
Let v(p) = -p**3 - 9*p**2 + 4*p + 13. Let u be v(-10). Suppose -4*m = 17 - u. Suppose -3*w = -m - 13. What are the prime factors of w?
3
Let r(l) be the second derivative of -l**5/20 + l**4/2 + 11*l**3/6 - 9*l**2/2 - 9*l. List the prime factors of r(7).
19
Suppose -5*s = -5*c - 40, -3*s + 39 = -0*s + 2*c. What are the prime factors of s?
11
Let g be (-5 + 1)*(-5)/4. Let c = -17 - -21. Let x = c + g. List the prime factors of x.
3
Let s = -9 - -12. What are the prime factors of s + (-1)/(-2)*2?
2
Suppose -1 = -a - 3*b, -3*a + 3*b - 3 = -18. Suppose -5*n - 13 = -5*d + 7, d + a*n + 1 = 0. Suppose 2*v + d*v = 55. List the prime factors of v.
11
Let h = 50 - -16. What are the prime factors of h?
2, 3, 11
Suppose -3*p = 5*n - 348, -3*p + 54 + 267 = -4*n. What are the prime factors of p?
3, 37
Let p(b) = b + 4. Let v be 2/9 - (-122)/18. Let m be p(v). Let y = 20 - m. List the prime factors of y.
3
Suppose 4*a - a + 5*j = 262, -2*a + 176 = 4*j. What are the prime factors of a?
2, 3, 7
Suppose -4*x + 174 = 5*b, 4*b + 3*x - 122 = 17. Let d = b + -21. What are the prime factors of d?
13
Let n be (-6)/(-8) - (-2)/8. Let w be -1*n + 5 + -3. Suppose -i + 7 = -w. What are the prime factors of i?
2
Let q be 26/6 - 4/12. Suppose 3*n + 18 = -q*g - 11, -9 = n + 2*g. Let s = -8 - n. List the prime factors of s.
3
Let b(h) = 1 + 0*h**2 + h**2 - h - 4. Let y be b(3). Suppose y*n = 4*p + 62, -61 = -2*n + 5*p - 8. What are the prime factors of n?
2, 7
Let p(w) = w**3 - 6*w**2 + 7*w + 8. List the prime factors of p(7).
2, 53
List the prime factors of (36 - -1) + -2 + 2.
37
Let o(j) = 5*j**2 + j. Let q be o(-1). Let p(u) be the second derivative of -u**4/12 + 7*u**3/6 - 5*u**2/2 + 3*u. List the prime factors of p(q).
7
Suppose -91 = -3*k - 13. List the prime factors of k.
2, 13
Let y be 25/(-2)*(-12)/15. Let n(f) = f**3 - f - 4. Let v be n(0). What are the prime factors of y/4 - 2/v?
3
Let n(i) = i - 1. Suppose -2*j + 5*k + 8 = 0, k + 1 = 3. List the prime factors of n(j).
2
Suppose 5 = q + 2*h, -2*h + 5 = q - 3*h. Suppose -5*u + 5*o + 70 = 0, q*u - 3*o - 52 = -7*o. List the prime factors of u.
2, 3
Let f(u) = -5*u**2 + 4*u + 2. Let y(i) = -11*i**2 + 7*i + 4. Let p(v) = 5*f(v) - 3*y(v). List the prime factors of p(2).
2, 7
Suppose 3*u + 181 = 5*c - 159, 0 = -2*c - u + 125. List the prime factors of c.
5, 13
Let a(z) = -z**2 - 14*z + 2. Let m be a(-14). Suppose 0 = m*s, 2*x + 1 = -2*s + 11. Suppose -x*o + 48 = -o - t, 3*o - 36 = t. List the prime factors of o.
2, 3
Suppose -2*q = -3*q - 2*x + 4, -x - 42 = -5*q. Suppose -r + q = -26. What are the prime factors of r?
2, 17
Let f = 159 + -97. What are the prime factors of f?
2, 31
Let a = 16 - -1. Suppose a = q + 4*d, -4*d + 0*d + 43 = 3*q. What are the prime factors of q?
13
What are the prime factors of ((-39)/26)/((-3)/124)?
2, 31
What are the prime factors of (3 - 5)*-65 + 3?
7, 19
Let r(u) = -u + 7. Let n(g) be the third derivative of g**4/8 - g**3/2 + 3*g**2. Let d be n(2). What are the prime factors of r(d)?
2
Let z(x) be the second derivative of x**4/12 - 2*x**3/3 - 5*x**2/2 - 2*x. Let g be z(5). Suppose -o + 3 = -g. What are the prime factors of o?
3
Let s be -2*(-1)/8*4. Let b = 6 + s. List the prime factors of b.
7
Suppose 0 = -3*x + 3*w + 2*w + 21, 5*x + 5*w + 5 = 0. Let r(d) = -2*d - 4. Let o be r(-4). List the prime factors of 23/x + 2/o.
2, 3
Let i = 12 + 32. List the prime factors of i.
2, 11
Suppose -3*v + 4*v - 70 = 0. List the prime factors of v.
2, 5, 7
Let h(z) = -z**3 - 12*z**2 - 12*z - 6. Let g be h(-11). Let y = 18 - g. List the prime factors of y.
13
Let w = 903 + -564. List the prime factors of w.
3, 113
List the prime factors of (-1 + -1 + -2)*329/(-28).
47
Suppose m + 4 - 43 = 0. Suppose 2*b + 13 = m. List the prime factors of b.
13
Let s be ((-195)/91)/(1/(-7)). Suppose 4*p = 4*t - 7*t, 3*p = 2*t - 17. Let k = s + p. What are the prime factors of k?
2, 3
List the prime factors of (135/6)/((27/12)/3).
2, 3, 5
Let k = -3 + 6. Suppose 2*f + k = 19. What are the prime factors of f?
2
Let l be (1 + 1)/4*10. Suppose 4*c + o = l*o - 4, 3*o = -c + 11. Suppose -5*a = -3*a - c*w - 32, 3*a - 52 = 2*w. List the prime factors of a.
2, 5
Let m = -3 + 6. Suppose -m*g = g - 4. What are the prime factors of g*38*(-2)/(-4)?
19
Suppose 0 = 9*f - 266 - 58. List the prime factors of f.
2, 3
Let w(a) = -a**3 - 3*a**2 - 3*a + 4. Let f be -2*(3 - 9) + 3. Suppose -2*l - 2*l - 12 = -2*v, 0 = 5*l + 3*v + f. List the prime factors of w(l).
13
List the prime factors of (8015/10)/7*(-6)/(-3).
229
Let j(r) = 4*r**2 + 8*r + 2. What are the prime factors of j(-3)?
2, 7
Let h be (-12)/(5/(40/6)). Let m = h + 26. What are the prime factors of m?
2, 5
Let x be (-2)/5 + 34/10. What are the prime factors of x - -2 - (1 - 2)?
2, 3
Let m be 7 + (2 + -3 - 1). Let j(c) = c**2 + 3*c - 2. Let q be j(-3). Let r = m - q. List the prime factors of r.
7
Suppose -5 = -5*d, c - 1 - 2 = 3*d. Let g(l) = l**2 - 4*l - 2. What are the prime factors of g(c)?
2, 5
Let c = 50 + -32. What are the prime factors of c?
2, 3
Suppose d + 4*d + 15 = 0. Let h = 77 - 67. What are the prime factors of 0/1 + h + d?
7
Let d = 184 + -155. What are the prime factors of d?
29
Let t(y) be the second derivative of 0 + 5/2*y**2 + 3*y + 1/6*y**3 - 1/4*y**4 - 1/20*y**5. What are the prime factors of t(-4)?
17
Let k(r) = -12*r**2 - 11*r**3 - 19 - 12*r + 2*r + 12*r**3. What are the prime factors of k(13)?
2, 5
Let z be (-4 + 1)*12/18. List the prime factors of z/(-13) - 583/(-13).
3, 5
Suppose -3*p = -5*q + 79, -5*q - p + 26 + 61 = 0. List the prime factors of 2/((-4)/q)*-2.
17
Let u = 5 - 1. Let b = u + 0. Let m = b + 13. What are the prime factors of m?
17
Let x = -153 - -247. What are the prime factors of x?
2, 47
Let l = 139 + 77. List the prime factors of l.
2, 3
Suppose 0*c - 1117 = -5*c + 4*y, y = -4*c + 881. What are the prime factors of c?
13, 17
List the prime factors of -2 + -2 - (-173 + -2).
3, 19
Let d = 0 - -1. Suppose -2*k + 27 = d. What are the prime factors of k?
13
Suppose -2*p - 4*h = -5*p + 371, 2*p - 3*h - 247 = 0. What are the prime factors of p?
5
Let z(o) = 9*o - 61. What are the prime factors of 